prime factors of c?
3, 19
Suppose -4*d + 2*c = 10, -4*c + 15 = -4*d - c. Let f = d - -6. Suppose 2*i = f*i - 32. List the prime factors of i.
2
Let l = -11 + -12. Let x = -6 - l. List the prime factors of x.
17
Let u = 71 - 54. List the prime factors of u.
17
Let t = 42 - 40. What are the prime factors of t?
2
List the prime factors of 8 - (3 + -1 + -2).
2
Let t = -18 + 27. What are the prime factors of (30/t)/((-8)/(-60))?
5
Let q(v) = v**3 + 4*v**2 - 3*v**3 - 3 + v + v**3. What are the prime factors of q(3)?
3
Let p(k) = -5*k**2 - 2*k + 1. Let z be p(1). Let v be (z/8)/((-1)/4). Suppose 47 = 4*x + v*a, 0 = 3*x + 4*a - a - 39. What are the prime factors of x?
2
Suppose -3*t - 20 = -5. Let s = 22 + -13. Let n = s + t. What are the prime factors of n?
2
Let l = -13 + 10. List the prime factors of l + -9*(-2 + -1).
2, 3
Suppose 4*w - 27 = 5*r - 0*w, 10 = -5*w. Let p(c) = -c + 3. Let a be p(r). List the prime factors of ((-12)/a)/(6/(-40)).
2
Let f(k) = 41*k**2 + 1. Let t be f(1). Suppose -o - 3 + 2 = h, 5*o = 3*h + 19. List the prime factors of -3*(o - t/9).
2
Suppose 2*i - 314 = 5*w - 74, 0 = -i + 2*w + 121. List the prime factors of i.
5
Suppose -f + 11 = -2*u + 4*u, 0 = -3*f + 3. Let n(v) = v**3 - v**2 + 3 - 2*v**2 + 3 - 8*v. What are the prime factors of n(u)?
2
Let y(l) = -2*l - l**3 + 3*l**3 + 5*l**2 - 6 - l**3. Let h be y(-5). Suppose 2*t + h*n = 20, -2*n - n = 5*t - 43. What are the prime factors of t?
2
Let d = 35 - 28. What are the prime factors of d?
7
Let l(c) = c**2 - 2*c - 3. Let s be l(3). Suppose 0*y + y - 8 = s. What are the prime factors of y?
2
Suppose g - 13 = 18. Suppose a - g = 12. What are the prime factors of a?
43
Let s = 2 - -2. Suppose -q - 39 = -s*q. Suppose -k - l - 2*l + q = 0, -k - 5*l = -15. List the prime factors of k.
2, 5
Let w(i) = -7*i**2 + i + 1. Let p be w(-1). Let t = 30 + p. List the prime factors of t.
23
Suppose -2*x + 3*t = 7, 1 + 7 = 2*x + 2*t. Suppose 2*b - x + 5 = 0. What are the prime factors of 11/((b/(-1))/2)?
11
Suppose 0 = 2*x + v + 3*v - 264, 0 = 2*x - 5*v - 255. List the prime factors of x.
2, 5, 13
Suppose 5*q = 3*h - 21, -q + 7 = -4*q - h. Let r be -3*q/27*21. Suppose -2*x + 19 = r. List the prime factors of x.
2, 3
Let q = 5 - 11. Let c(n) = n**2 + 6*n + 4. List the prime factors of c(q).
2
Suppose -5*j = -3*p + 20, 5*j - j + 16 = 4*p. Suppose 4*k = c - p*c + 60, 3*k - 28 = 5*c. List the prime factors of k.
2
Suppose -3*c - 2 = 4. Let m be (1 - c)*(-26)/(-6). Let u = 31 - m. What are the prime factors of u?
2, 3
Let u(n) = n**2 + 7*n + 8. Let t be u(-6). Suppose y - t*y = -7. What are the prime factors of y?
7
Suppose -5*k + 7 + 13 = 0. Suppose k*z + 5*i - 57 = 0, -z = 2*z + i - 29. What are the prime factors of z?
2
Let a(u) be the third derivative of -u**5/60 - 2*u**4/3 - u**3/3 - u**2. What are the prime factors of a(-15)?
13
Let l(b) be the third derivative of -b**4/24 + b**3/3 - b**2. Let k be l(-4). List the prime factors of k/(-9)*27/(-2).
3
Suppose b - 5*k - 22 = 0, -2*b - 10 = -5*b + k. Suppose 3*c + 164 = u + 3*u, -b*u + 3*c + 88 = 0. Suppose 8 = -2*o + u. List the prime factors of o.
3, 5
Suppose -2*d = d - 9. What are the prime factors of 18 - (-2)/d*3?
2, 5
Let q(f) = -5*f + 2. Let r(d) = d**3 + 11*d**2 + 10*d - 4. Let l be r(-10). List the prime factors of q(l).
2, 11
List the prime factors of -166*(-3)/(6 - 0).
83
Suppose -31 = -5*g + 4*g. List the prime factors of g.
31
Suppose 4*w + 0*n = 2*n + 22, -3*w - 2*n = -20. Suppose r = w*r - 55. What are the prime factors of r?
11
Let p(v) = -v**2 + 12*v + 10. Suppose -3*k + k = f - 19, 4*f = 3*k + 32. What are the prime factors of p(f)?
3, 7
Suppose a + 3*a = 0. Let u be (a + -1)/(1/2). Let s = 0 - u. List the prime factors of s.
2
Suppose -3*a + i + 53 = -10, -2*i + 21 = a. What are the prime factors of -3*7/(a/(-34))?
2, 17
Let l = -12 + 11. Let k = l + 32. List the prime factors of k.
31
Let p = 230 + -131. Suppose 5*r - p = -2*o + 33, -5*r = -5*o - 160. List the prime factors of r.
2, 7
Let v(t) = -t + 7. Let q be v(5). Suppose -5*r + 3*r = 8. List the prime factors of (2/r)/(q/(-20)).
5
Let w = 1 - -5. What are the prime factors of w?
2, 3
Let h(n) = 3*n**3 - 2*n**2 - 2*n + 1. What are the prime factors of h(3)?
2, 29
List the prime factors of (-122)/3*(19 + -22).
2, 61
Let c = -26 - -49. Suppose w + 3 = -6. Let a = w + c. What are the prime factors of a?
2, 7
Let f(o) = o + 2. Let z be 4/(-10) + 165/(-25). Let n = z + 14. List the prime factors of f(n).
3
Let i = -6 + 8. Suppose -2*m - 91 = 2*m - 3*f, i*m + 5*f = -13. Let u = m - -42. List the prime factors of u.
23
What are the prime factors of 3/((-6)/56*-2)?
2, 7
Let y(t) = -17*t - 33. List the prime factors of y(-10).
137
Let b be (-6)/2*2*1. Let p be b*(2 + (-30)/9). List the prime factors of (-3)/(-12) - (-22)/p.
3
What are the prime factors of 3/((-30)/(-16))*5?
2
Let a(i) = 5*i - i**2 - 3 + 1 - 13*i. Let t be a(-6). Suppose -2*d = -t - 6. List the prime factors of d.
2
Let u = 25 - 22. List the prime factors of u.
3
Let i(d) = -d**2 - 9*d. Let v(b) = 6*b**2 - 2*b - 1. Let o be v(2). Suppose 5*q + o = -3*j, 2*j + 4*q + 9 = -3. What are the prime factors of i(j)?
2
Let c = 31 + -6. Let o be 1/(((-2)/8)/(-1)). Suppose -o*x + 2*v = -20, v - c = -3*x - 0. What are the prime factors of x?
7
Let q(v) = 25*v - 6. What are the prime factors of q(2)?
2, 11
List the prime factors of (3 + (-4)/(-8))*8.
2, 7
Let n = -5 + 5. Let q(b) = -b**2 - b + 27. List the prime factors of q(n).
3
Let m(b) = -4*b + 5. Let j(r) = -r + 1. Let l(o) = 3*j(o) - m(o). Let i be l(8). Let q = 13 - i. What are the prime factors of q?
7
Let h(g) = g**2 - 5. Let q be h(0). What are the prime factors of (-2)/q + (-204)/(-15)?
2, 7
Suppose w + 5 = -2*x, w - 4*w - 5*x = 11. Suppose -3*p = -2*p + w. List the prime factors of 4/(-2*p/24).
2
Let o be 354/14 + 2/(-7). Suppose o = -5*f + 175. List the prime factors of f.
2, 3, 5
Suppose 3*b = i - 9, 0 = b - 1 - 0. Suppose d + 9 = i. List the prime factors of d.
3
Let x(p) = 3*p**3 + 2*p**2 - p + 11. List the prime factors of x(4).
3, 7, 11
Let h(v) be the third derivative of v**9/6048 + v**6/720 - v**5/30 + 3*v**2. Let t(b) be the third derivative of h(b). What are the prime factors of t(1)?
11
Let p be (-12)/(-42) - (-145)/7. Suppose -d - 5*b + 19 = 0, -3*d + 4*b + p = b. List the prime factors of d.
3
Let i = -1 + 3. Suppose -2*o + 4 + i = 0. Suppose -4*h = -h + o*q - 15, 0 = -2*h - q + 11. What are the prime factors of h?
2, 3
Let l = 35 + -24. Suppose 3*z = 4*z - 3*h - 9, -2*z - h = -4. Suppose l = 4*u + z. List the prime factors of u.
2
Suppose -2*f - 2*f = 232. Let u = f - -89. List the prime factors of u.
31
Suppose -3*n + 2*r - 5 = 0, -2*r = -2*n - 6 - 0. List the prime factors of ((-5)/(-5))/(n/11).
11
Suppose 15 = -2*q - 0*q - 5*h, -3*h - 9 = 5*q. What are the prime factors of (-1)/1*(-18 + q)?
2, 3
Suppose s = -3*s + 188. Suppose -2 = -4*v + 14. Suppose -3*m + 1 = -o, 4*o + m - s = -v*m. List the prime factors of o.
2
Let l = 1 - 2. Let z(r) = -14*r**3. What are the prime factors of z(l)?
2, 7
Suppose -2*c = c - 27. List the prime factors of c.
3
Suppose 4*q + 35 - 3 = 0. Let u be (q/14)/((-4)/14). Suppose -4*l = 8, -u*j - l = j - 31. List the prime factors of j.
11
Let r(m) = m**2 - 3*m + 9. What are the prime factors of r(-6)?
3, 7
Suppose 2*s + 11 = -a, -a - 3 + 0 = 4*s. Let l = a - -10. Let z = l - -16. List the prime factors of z.
7
Let m(v) = -4*v + 4. What are the prime factors of m(-8)?
2, 3
Suppose -2 = -2*a + 4*d + d, 0 = -2*d - 4. What are the prime factors of -2*20*a/10?
2
Let l = -5 - -5. Let g(v) = -v + 11. Let o be g(5). Suppose l = -4*r + 34 + o. List the prime factors of r.
2, 5
Let c = 24 + 34. What are the prime factors of c?
2, 29
Let q = 43 - 3. List the prime factors of q.
2, 5
Let w(f) be the second derivative of -f**3/3 + 5*f**2/2 - 2*f. Suppose -4*h - 15 - 9 = 0. List the prime factors of w(h).
17
Let k(q) = -20*q. Suppose 0 = -0*p + 5*p + 5. What are the prime factors of k(p)?
2, 5
Let u be 4/10 - (-184)/40. Suppose 0*s - u*s + 1 = -3*w, -w = s - 5. List the prime factors of w.
3
Let z(d) = -d**3 - 13*d**2 - 14*d + 24. What are the prime factors of z(-12)?
2, 3
Let k(f) = 11*f + 1. Let g be k(2). Suppose m = g - 14. Wha